 (-5 + -2) - (-3 + 13).
0
What is the value of 3 - ((8 - 0) + 27 + -8) - -7?
-17
Evaluate (5 - (2 - -9)) + 2 - (-12 - -3).
5
Evaluate (3 + 6 - (73 - 36)) + 10.
-18
0 + 13 + 0 - (-245 - -249)
9
(0 + -2 - (-2 + 8)) + -2
-10
What is the value of (-56 - -57) + (0 - -1 - -2)?
4
What is the value of -44 + (20 - -23) + (-8 - -2)?
-7
Calculate -29 - ((1 - 26) + -22).
18
Evaluate 17 - 2 - (18 + -11) - (37 - -7).
-36
What is (41 - 39) + -1 + 8?
9
What is the value of (18 + -20 - -23) + (5 - -12)?
38
What is the value of -4 + 13 - (-15 - -18)?
6
220 + -217 - (4 - 33)
32
Calculate 14 + (-5 - (0 - 2)) + -1.
10
Evaluate 2 + (-6 - (-10 + 8)).
-2
What is the value of -12 - -1 - (17 - 16) - (7 + -10)?
-9
Evaluate 31 - (9 + 2 + -2).
22
Calculate -3 - (-1 + 0) - ((25 - 9) + -9).
-9
What is the value of (1 - -2) + -2 + (6 + -7 - 5)?
-5
Calculate 2 - 30 - (-163 + 128).
7
Evaluate (-2 - (-11 - -3)) + -3 + -12 + -2.
-11
6 - (-6 - (5 + (5 - 28))) - -6
0
What is the value of (-4 - 4) + (-3 + 6 - 2)?
-7
-514 + 540 + (-24 - 1)
1
What is the value of 18 + -3 - (-1 + (10 - (5 + 2)))?
13
Evaluate -13 - (189 - 201 - (14 + -1)).
12
Calculate -11 - ((39 - 47) + 11).
-14
-47 - (-36 + (14 - 39))
14
Calculate 10 - (1 - -18) - (-1 + -20).
12
Calculate 25 + -30 + 1 + -12 + 31.
15
What is -45 + 14 + 24 - (2 - 17)?
8
Evaluate -13 + -3 + 6 - -14 - (-1 + -2).
7
Evaluate (-4 - (27 - 37)) + -9.
-3
Calculate -2 - 8 - ((-64 - -76) + 1 + -6).
-17
Evaluate (5 - 2) + (-25 + 43 - (11 - 1)).
11
(-35 - -27) + 8 + -3 + -9
-12
Calculate (4 - 0) + 13 + -12 + 5 + 1.
11
What is the value of -9 - ((10 + -17 - 1) + 5)?
-6
What is the value of (-7 - (-19 - -3)) + -2?
7
Calculate 5 - (-2 - ((5 + -8 - 3) + 3)).
4
-1 + 3 + -5 - -6 - (6 + -2)
-1
Evaluate (1 - -6) + (-7 - 3 - -4).
1
What is the value of (0 - 10) + 24 + (0 - 16)?
-2
Evaluate 0 + (6 - -36) - 19.
23
6 - (16 + (-13 - -8) - 5)
0
Evaluate 441 - 468 - (-1 - 16).
-10
What is the value of (10 + -38 - -28) + 13?
13
Calculate -13 - ((-120 - -107) + (-1 - 15)).
16
What is 22 - (50 - (-16 - -19))?
-25
(-53 - -27) + 23 - 14
-17
-3 + (0 - -12) - 18 - (-13 - -14)
-10
(0 - 0) + (-88 - (-42 - 81))
35
What is the value of -4 - (12 + -23 + 11)?
-4
What is the value of -20 - (14 + -31 + -28)?
25
(-14 + (6 - -8) - 1) + 2
1
Evaluate -11 - (-25 + 9) - -5 - (-6 - 1).
17
Calculate 29 + (-31 - -1) - (6 + -1).
-6
Calculate 10 - 26 - (7 + (4 - 15)).
-12
What is the value of 179 + -182 - (-10 + -2 + 2)?
7
Evaluate -70 + -45 + 79 + 10.
-26
Calculate 13 + -3 + 15 + -10 + -7 + 3.
11
What is 12 - (0 + 0) - (4015 + -4014)?
11
Evaluate -2 + (18 - 17) + -30.
-31
What is 16 - -26 - 23 - -4?
23
Evaluate -4 - (2 + 2 + 4) - (15 - 13).
-14
Evaluate -22 + -9 + (-2 - -20).
-13
(5 - 0) + 3 + (-5 - -5 - 6)
2
(-25 - -23) + 9 + -23
-16
What is the value of 5 - 0 - (15 + -9) - -23?
22
What is the value of (22 - 1) + (126 - 119) + -4 + -4?
20
Calculate 6 + -8 - (11 + -5 + -17).
9
Evaluate -1 + 1 - 1 - (-732 - -728).
3
What is the value of (7 - (-9 - -14)) + -7?
-5
-3 + 10 - -1 - (30 + -37)
15
What is the value of 6 + -5 - (-35 + 30)?
6
Calculate -9 + (-4 - -1) + -10 + -7 - -7.
-22
Calculate 0 + 5 + 9 + (-1 - 3) - -5.
15
What is the value of 4 + -19 - (-7 - 0)?
-8
What is the value of -34 + 22 + 14 + -9?
-7
What is 2 + (2 - -26) - (-147 - -151)?
26
Evaluate -5 + -1 + 6 + 0.
0
Evaluate (-27 - (25 - 42)) + -9.
-19
What is -38 + 25 + (7 - -10)?
4
What is 6 + 1 + -3 + 5 + 8 + -29?
-12
What is the value of -34 + 16 + 46 - 4?
24
What is 7 + (-12 - (16 + -23))?
2
What is -10 + (3 - (-8 - -9 - 1)) + -7?
-14
What is -17 - -1 - (9 - 9 - 10)?
-6
Calculate (1 - (4 + -3)) + (-23 + 11 - -9).
-3
Calculate 7 + (26 + -32 - (0 + 4 + 25)).
-28
What is the value of -18 - (57 + -37 - 2)?
-36
Calculate -1 - (1 - -2) - (-63 + 32 + 41).
-14
Calculate -12 + (-2 - (-30 - (-10 + 8))).
14
What is the value of (15 - 1) + -1 - (-52 + 1 + 44)?
20
Calculate -240 + 220 + -1 + 3.
-18
Calculate -18 - (-1 - 4 - (70 - 70) - -6).
-19
Evaluate (-8 - -2) + 10 + 1.
5
Calculate -6 - (58 + -63 + 2 + 9 + -1).
-11
What is (83 - 101) + -1 + 10?
-9
0 - (10 + 5 + -20 - -13)
-8
What is the value of (-163 - -182) + 6 + -1 + 3?
27
Calculate 15 - (23 + (19 - 9) + -26).
8
Calculate -93 + 89 + (-4 - -7).
-1
What is -20 + (8 - (-5 - (33 - 1)))?
25
Evaluate 8 + (18 - (-5 + 39)).
-8
What is (2 - 1 - -24) + (-7 + 46 - 39)?
25
Evaluate 5 - (-18 + 15 + -12 + 3).
17
What is 22 - ((-40 - -18) + 7)?
37
Calculate (-13 + -6 - -6) + 12 + -7.
-8
What is the value of -9 - (-6 + (4 - 7)) - (-5 + 10)?
-5
What is 15 - 6 - (2 + 1)?
6
What is the value of (1 - -7) + (-6 - 38 - -58)?
22
What is the value of -2 - (45 + -45 + -1 + 1)?
-2
(-7 - (17 - 16)) + 5 - (9 + 0)
-12
1 + -21 + 14 - (2 + -17)
9
What is 5 - (12 + -9 + 2 + (-2 - 5))?
7
7 + (-7 - (16 - 33)) - 32
-15
Evaluate 1 + -14 + 12 - 13.
-14
What is the value of (9 - -37) + -32 + -36?
-22
Calculate (-1 - 3 - 9) + 10 + 9 + -1.
5
What is the value of -77 + (-23 - -60) + 21?
-19
What is the value of -10 - ((-10 - (-11 + 12)) + 2 + 5)?
-6
What is the value of 15 + (19 - -7 - (0 + 11) - 6)?
24
0 + -6 - (29 + -13 + -10)
-12
Calculate 1 - (10 - (-18 - -22) - -10).
-15
What is the value of 682 + -672 - (12 - -1)?
-3
Evaluate 2 - (8 + 1 - -9 - 3).
-13
Calculate 15 + -23 - (-10 - -8).
-6
What is the value of -15 - (22 - (23 + 16))?
2
Evaluate (-15 - (12 + -37)) + (-1 - 2).
7
14 - ((21 - 1) + -6)
0
What is 20 - (5 - (-9 - 0) - 9)?
15
What is (325 - 341) + (21 - 2)?
3
0 + -3 - (-5 - 9 - -2)
9
What is the value of -8 - -5 - (-14 - -13) - (2 + -19)?
15
What is the value of (228 - 212) + (-28 - -1)?
-11
What is -7 + -17 - -15 - (0 - 16)?
7
Evaluate -6 - (4 + 43) - (-3 + -15).
-35
Evaluate (0 - -8) + (-6 - 3) - (-9 - 0).
8
What is -278 + 288 - (-3 + 0 + 13) - -3?
3
Evaluate -16 + 30 + -20 + 24.
18
What is the value of -3 + 1 + (9 - (-14 + 0 - 0))?
21
What is the value of 0 + (-14 + 40 - 17)?
9
Evaluate -15 + (24 - 6) + -6.
-3
Calculate 13 - (-12 - -13 - -5).
7
What is 3 + 5 + (0 - 4) + -1?
3
(17 - (54 - 48)) + -1 + -2
8
What is 4 - (3 + -2) - (32 + (-11 - 6))?
-12
Evaluate -15 + 11 + -7 - -10 - -8.
7
What is the value of 0 - (-33 - (-45 + -4))?
-16
Evaluate (-3 - -4) + (-6 - (12 + -18)).
1
Calculate 18 + 0 + 3 + -10.
11
What is -62 + 58 - (3 + -11 + 1)?
3
What is the value of 0 + (-10 - -2) + (3 - (18 + -15))?
-8
Evaluate 28 - ((166 + -160 - (9 + -1)) + 10).
20
What is (-12 + 15 - (13 - 1)) + 7?
-2
Evaluate (8 + -4 + -3 - 2) + 1.
0
-2 + (16 + -3 - 9) + 2
4
Evaluate 0 + (-2 - -6) - (338 + -333).
-1
What is -3 + (-1 - (1 - 0) - (6 - 0))?
-11
Calculate 0 + 5 - (-2 - 3) - (12 + -14).
12
Evaluate 0 + -6 + -7 + 17 + -21.
-17
Evaluate (13 - 48) + 41 + (1 - 7 - 1).
-1
-39 + (21 - 15) + 10
-23
What is the value of 22 + (-13 + 36 - 31 - (-5 - -1))?
18
What is 41 + -4 + -2 + 0?
35
-3 + 0 + 5 - -8 - (-10 - -10)
10
25 - (-11 + (-1 - -25))
12
(1 - 0) + (-5 - (16 - 16))
-4
Calculate 1 + 3 - (15 + (-18 - -9)).
-2
Evaluate (-47 - -33) + 10 + -11.
-15
-20 - (0 + 0) - (83 - -18 - 101)
-20
Calculate (0 - 1) + (-53 - -28) + 34.
8
Evaluate -5 - ((7 - 3) + 1 + (-5 - -6)).
-11
What is the value of 5 + 5 + 20 + -24?
6
-105 + 101 - (-11 - 0)
7
What is the value of 11 + -10 - -19 - (23 - 10)?
7
Calculate 34 + (-24 - 14 - -12).
8
Calculate -7 + 11 + -5 + 10 - -24.
33
What is the value of (-2 - -2) + 4 + (-98 - (-141 + 22))?
25
What is the value of 10 - -2 - ((-2 - 0) + -1)?
15
7 + -2 - (-10 + 9 + 2 + -7)
11
What is the value of 4 + (-7 - -12) + (2 - 2 - 2)?
7
Calculate -6 - (-2 - (10 - (4 - -11))).
-9
Evaluate (7 - 12) + (-34 - -40).
1
Calculate (2 - 2) + (-4 - -6) - (7 + -9).
4
What is 4 - 23 - (-8 + -13)?
2
Evaluate 2 + 6 - (-7 - (18 - 46)).
-13
43 - (7 + -15 - -32)
19
Evaluate 2 + -25 - (-98 - -78).
-3
Evaluate -6 - (135 + -144 + (1 + -1 - 0)).
3
-44 + 10 + 87 + -66
-13
Evaluate -36 - (-13 - (-17 + 11)).
-29
-34 + 51 - (6 + 1) - 9
1
Calculate (-6 + 14 + (-6 - 6) - 0) + -21.
-25
-8 - (3 - (-9 - -5) - 1)
-14
What is the value of -382 - -389 - (11 - 0)?
-4
8 - ((-7 - -16 - 3) + -16)
18
Evaluate (12 - (-4 - 0) - 1) + -12.
3
Calculate -5 + -2 + (17 - 12) + 2.
0
Evaluate -39 - (-12 + 20 + -30).
-17
Calculate (1 - -2 - -7) + -1 + -5.
4
What is 495 + -536 + (1 - -19)?
-21
What is the value of 15 - (-1 - (9 + -18))?
7
26 + (-48 - -26) + 29
33
What is t